sor of 58904 and 111.
37
What is the greatest common factor of 1084 and 491594?
542
What is the highest common divisor of 73359 and 117?
117
What is the highest common divisor of 11 and 135256?
11
Calculate the greatest common divisor of 156036 and 168.
12
What is the greatest common divisor of 40747 and 168?
7
What is the greatest common divisor of 232 and 204566?
58
What is the highest common factor of 17865 and 135?
45
What is the greatest common divisor of 1686 and 1002?
6
Calculate the highest common factor of 18765 and 345.
15
Calculate the highest common divisor of 116343 and 186.
93
What is the highest common divisor of 111666 and 19647?
111
Calculate the greatest common factor of 22287 and 799.
17
Calculate the greatest common divisor of 440 and 474870.
110
What is the greatest common factor of 82854 and 12?
6
What is the highest common divisor of 222 and 91168?
74
Calculate the greatest common divisor of 21338 and 2724.
454
Calculate the greatest common factor of 1785354 and 342.
114
Calculate the greatest common factor of 472443 and 184.
23
Calculate the greatest common factor of 394 and 69935.
197
Calculate the highest common factor of 4144 and 47138.
518
What is the highest common divisor of 24557 and 1911?
13
What is the highest common factor of 188540 and 1760?
220
Calculate the greatest common divisor of 4546 and 58.
2
What is the greatest common divisor of 2288 and 22352?
176
What is the greatest common factor of 45188 and 130?
26
What is the highest common divisor of 19740 and 34860?
420
What is the greatest common factor of 49315 and 175?
35
Calculate the highest common divisor of 21343 and 280.
7
What is the greatest common divisor of 2191 and 351499?
313
What is the greatest common factor of 116255 and 10?
5
Calculate the greatest common divisor of 12024 and 168.
24
Calculate the greatest common factor of 9218 and 22.
22
What is the greatest common divisor of 93010 and 194540?
710
Calculate the highest common divisor of 1123400 and 360.
40
What is the highest common divisor of 7 and 188251?
7
Calculate the highest common divisor of 6 and 4404342.
6
What is the highest common factor of 1240 and 43710?
310
What is the highest common divisor of 135965 and 355?
355
Calculate the greatest common divisor of 572140 and 320.
20
What is the highest common factor of 1763467 and 107?
107
Calculate the greatest common factor of 326 and 74491.
163
What is the greatest common divisor of 626 and 4823956?
626
Calculate the greatest common factor of 67734 and 636.
318
Calculate the greatest common divisor of 26918 and 4300.
86
What is the greatest common divisor of 366 and 488?
122
Calculate the highest common divisor of 3675 and 8925.
525
What is the highest common factor of 27000 and 2875?
125
What is the highest common divisor of 2974 and 1?
1
What is the greatest common factor of 6272 and 75656?
392
What is the highest common factor of 80 and 9700?
20
Calculate the highest common divisor of 43297 and 29.
29
What is the highest common divisor of 38 and 1184422?
38
What is the highest common divisor of 23141 and 30749?
317
Calculate the greatest common divisor of 28401 and 3.
3
What is the greatest common divisor of 644 and 63?
7
What is the highest common factor of 2272580 and 10945?
995
Calculate the highest common factor of 42390 and 7128.
54
What is the highest common divisor of 167216 and 4424?
56
What is the highest common factor of 11984 and 1008?
112
What is the greatest common factor of 15147 and 808137?
891
Calculate the greatest common divisor of 76 and 339188.
76
What is the greatest common divisor of 379042 and 158?
158
What is the greatest common factor of 232 and 347884?
116
What is the greatest common factor of 408460 and 26?
26
Calculate the highest common divisor of 30942 and 246.
6
Calculate the highest common factor of 380 and 189620.
380
Calculate the greatest common factor of 4133 and 5.
1
Calculate the greatest common divisor of 88 and 32296.
88
Calculate the highest common factor of 39 and 121277.
13
Calculate the highest common factor of 80 and 359740.
20
What is the greatest common divisor of 16788 and 7656?
12
What is the highest common factor of 430 and 486545?
215
Calculate the highest common divisor of 1832 and 1232.
8
Calculate the greatest common factor of 2 and 2227.
1
Calculate the highest common factor of 214889 and 115.
23
What is the greatest common divisor of 2628605 and 105?
35
What is the greatest common divisor of 55 and 1384295?
55
Calculate the highest common factor of 13542 and 17751.
183
What is the highest common divisor of 24087 and 417249?
777
Calculate the highest common divisor of 128 and 7288.
8
Calculate the highest common divisor of 30058 and 28.
14
Calculate the highest common factor of 4453688 and 1704.
568
What is the greatest common factor of 1118 and 650?
26
Calculate the greatest common factor of 7491 and 3632.
227
Calculate the highest common factor of 847 and 787347.
121
Calculate the highest common divisor of 4631 and 65676.
421
What is the highest common divisor of 56112 and 1008?
336
Calculate the greatest common factor of 96908 and 308.
28
What is the greatest common divisor of 5301 and 1395?
279
Calculate the greatest common divisor of 87380 and 340.
340
Calculate the greatest common factor of 189684 and 36.
36
What is the greatest common divisor of 105070 and 294?
14
What is the greatest common factor of 219010 and 30?
10
What is the greatest common factor of 9132 and 120?
12
What is the greatest common factor of 21 and 10990707?
21
What is the highest common divisor of 12 and 23382?
6
What is the highest common divisor of 428295 and 21?
21
What is the greatest common divisor of 864 and 3744?
288
What is the greatest common factor of 159 and 3627161?
53
What is the highest common factor of 20845 and 2915?
55
What is the greatest common divisor of 330 and 7810?
110
Calculate the highest common divisor of 15 and 22335.
15
Calculate the greatest common factor of 104475 and 290.
5
What is the highest common factor of 1216 and 199312?
16
What is the greatest common divisor of 20 and 5132?
4
What is the greatest common factor of 812 and 50547?
203
What is the highest common factor of 606878 and 230?
46
Calculate the greatest common factor of 48 and 175116.
12
Calculate the greatest common divisor of 490 and 10.
10
What is the highest common factor of 442286 and 442?
26
What is the greatest common factor of 6877 and 1235?
13
Calculate the greatest common factor of 156090 and 10.
10
Calculate the greatest common factor of 139616 and 32.
32
Calculate the greatest common factor of 4903501 and 409.
409
Calculate the highest common factor of 3082 and 1273.
67
Calculate the highest common divisor of 7516 and 8.
4
Calculate the greatest common divisor of 13 and 166777.
13
Calculate the greatest common divisor of 26 and 66287.
13
What is the highest common factor of 24805 and 363?
121
What is the highest common divisor of 950 and 3550?
50
Calculate the highest common divisor of 968 and 53119.
121
Calculate the greatest common factor of 1076325 and 92075.
3175
What is the greatest common factor of 42 and 509418?
42
Calculate the greatest common factor of 110 and 209759.
11
Calculate the highest common factor of 10027 and 7317.
271
Calculate the highest common divisor of 649887 and 196.
49
Calculate the highest common divisor of 33774 and 52.
26
What is the highest common factor of 149350 and 116?
58
Calculate the greatest common factor of 11 and 228503.
11
What is the greatest common divisor of 6 and 472326?
6
Calculate the highest common factor of 260324 and 5172.
1724
Calculate the greatest common factor of 2968 and 12040.
56
Calculate the highest common divisor of 15195 and 105.
15
Calculate the greatest common divisor of 32 and 160984.
8
What is the greatest common divisor of 64500 and 258?
258
What is the highest common factor of 4590 and 182250?
270
Calculate the greatest common divisor of 34697 and 157.
157
Calculate the highest common divisor of 7373 and 3131.
101
What is the highest common factor of 65 and 18421?
13
What is the highest common factor of 177147 and 405?
81
Calculate the highest common factor of 39 and 600119.
13
What is the greatest common factor of 2808 and 